 0. What is the remainder when 656 is divided by a?
36
Suppose 0 = 2*s - 0*s + 22. Let b = s + 23. Suppose -b = -4*n + 8. What is the remainder when n is divided by 2?
1
Let s be ((-4)/(-3) + 0)/((-8)/(-12)). Suppose 5*j - 3*k - s*k - 55 = 0, -j = -4*k - 20. Let f = 4 - -10. What is the remainder when f is divided by j?
6
Calculate the remainder when 1825 is divided by 137/1644 - 10895/(-12).
9
Suppose 0 = -1553*o + 1445*o + 140508. Calculate the remainder when o is divided by 348.
257
Let s = -97 + 102. Suppose 3*r = -4*a - 0*r - 21, -s*a - 5*r = 20. Calculate the remainder when (5 - a)/((-3)/(-6)) is divided by 6.
4
Let p be (-1602)/18 + 1 + 6. Let t = p - -138. What is the remainder when 185 is divided by t?
17
Let y(u) = 8*u**2 + 14*u - 60. What is the remainder when 159 is divided by y(-6)?
15
Let z(x) = -16*x**2 - 3*x - 5. Let i be z(-2). Let l = i + 99. Suppose 5*h + l = 91. Calculate the remainder when 19 is divided by h.
8
Suppose -68*v + 10244 + 7436 = 0. What is the remainder when 16899 is divided by v?
259
Suppose 0 = 99*a - 63 - 1620. What is the remainder when 727 is divided by a?
13
Suppose -2*y + 102 - 90 = 0. Suppose -j - y = 5*u - 2*u, 3*j - 3*u = 30. Calculate the remainder when 273 is divided by j.
3
What is the remainder when 10244 is divided by 147*(-4)/24*(-32)/56?
10
Let s(v) = 3*v**3 - 12*v**2 + 20*v + 9. Suppose -h - 5*u + 16 = 0, -3*h + u + 28 = -4*u. What is the remainder when s(3) is divided by h?
9
Let z = -101 + 216. Suppose -4*d = d - z. Suppose 0 = 3*h - 7*h + 2*w + 8, 3*h - 34 = -2*w. What is the remainder when d is divided by h?
5
Let s(a) = 17*a - 25. Let w(o) = 4*o**3 + 3*o - 2. Let j be w(2). Let m = j + -16. What is the remainder when s(6) is divided by m?
17
Let i(k) = -k**3 + 10*k**2 + k - 2. Suppose -23 - 32 = -2*t + 5*s, -105 = -4*t + 5*s. Calculate the remainder when i(9) is divided by t.
13
Let s = -580 - -570. Calculate the remainder when (6/s)/(93/(-55645)) is divided by 40.
39
Let t(c) = -c**2 + 8*c + 2. Let h be t(5). Let q(j) = j + j - 13 + 4 - 3 - 12. Calculate the remainder when q(h) is divided by 4.
2
Suppose -2*z + 0*z + 22 = 0. Calculate the remainder when (3520/4400)/((2 - 0) + 148/(-75)) is divided by z.
8
Let h(s) = s**3 + 11*s**2 - 12*s - 17. Calculate the remainder when 31 is divided by h(2).
9
Suppose 0 = -i - 6*d + 44, -346 = 3*i - 2*d - 398. What is the remainder when 175 is divided by i?
15
Let s(j) = 72*j + 19. Let o be s(5). Suppose -30*k + 611 = -o. What is the remainder when k is divided by 12?
9
Suppose 26*l = -14*l + 9*l + 899. Calculate the remainder when 710/4*(-8)/(-10) is divided by l.
26
Let y(u) = u**2 + 4*u + 6. Let t be y(-4). Let g(i) = i**3 + 13*i**2 - 30*i - 9. Let x be g(-15). What is the remainder when ((-36)/2)/(t/x) is divided by 6?
3
Let d(f) = 46*f**3 + 3*f**2 - 4*f + 1. Let r be d(1). What is the remainder when 140 is divided by 5 + (-6)/1 + (r - -3)?
44
Let o be 137*(-2)/(-2) + (-3 - -7). Let j = -100 + o. Calculate the remainder when j is divided by 15.
11
Suppose 143 = 5*m + 948. Let q = 118 - m. Calculate the remainder when q is divided by 14.
13
Suppose -64*i - 4137 + 11817 = 0. What is the remainder when i is divided by 14?
8
What is the remainder when ((-345)/(-30)*-3)/((-6)/4)*29 is divided by 219?
10
Suppose -3*o + 32 = -r - 3*r, r = 4*o - 21. Suppose o*t = 4*z - 1740, 3*t - 1410 - 805 = -5*z. What is the remainder when z is divided by 74?
70
Suppose -6*u + 420 = 8*u. Let v(q) = q + 9. Let p be v(-7). Suppose u = d + p*d. What is the remainder when d is divided by 3?
1
Suppose -4*f - 77 = -221. Let i = 7171 + -7161. What is the remainder when f is divided by i?
6
What is the remainder when (-950 + 1070)/(-2 - -1 - 12/(-10)) is divided by 179?
63
Let o = -385 + 708. Let r = 160757 - 160752. What is the remainder when o is divided by r?
3
Suppose -3*y - 3 = -5*z + 2, -5*z = 2*y - 5. Suppose 5*x = y, -2*m = m - 4*x - 21. Calculate the remainder when 23 - ((-7 - -4) + 1) is divided by m.
4
Suppose 0 = 7*k - 14*k + 33*k - 2236. What is the remainder when 1761 is divided by k?
41
Let f = -200 - -205. Suppose -5*r + 40 = -5*b, -11 = -3*r + 4*b + 12. Calculate the remainder when 2/r + (-428)/(-18) is divided by f.
4
Let u(d) = -3*d + 39. Let z(f) = 2*f**3 - 5*f**2 - f + 5. Let q be z(3). Let w = q + -2. Calculate the remainder when 38 is divided by u(w).
2
Let o(f) = -f**2 - 12*f + 244. What is the remainder when o(0) is divided by 21?
13
Suppose 4*x + 4*k - k - 23 = 0, 0 = k - 1. Suppose 2*f = 3*o + 414, -4*f + 9*f = -x*o + 985. What is the remainder when f is divided by 68?
65
Suppose -14*v + 21 = -7*v. Suppose -224 = -4*n - 2*p, -v*n + 202 - 21 = -5*p. Calculate the remainder when n is divided by 4.
1
Suppose -95 = 3*i - i + 5*w, 0 = 3*i + w + 123. Let p be -9 - -9 - (52 + -1). Let v = i - p. What is the remainder when 51 is divided by v?
7
Suppose -21*q = -18*q - w - 5211, 5*q + 5*w = 8725. What is the remainder when q is divided by 97?
90
Calculate the remainder when 18861/27 - 7/(-63)*4 is divided by 175.
174
Let m(t) = t**3 - 52*t**2 - 51*t + 22. Calculate the remainder when 1918 is divided by m(53).
126
Let o = -40 - -50. Suppose -26*w + o = -16*w. Suppose -5*c + 141 = 3*b, 0 = -2*c + 7 - w. Calculate the remainder when 166 is divided by b.
40
What is the remainder when (1 + 0)*-11*(-102 + 97) is divided by 53?
2
Suppose 67*h + 4*h = -43*h + 256044. Calculate the remainder when h is divided by 150.
146
Let p = -71099 + 71241. Let d = 11 - -2. What is the remainder when p is divided by d?
12
What is the remainder when 1039 is divided by 18 + 48/80 + 14/10?
19
Let g(o) = 2*o**2 + 3*o - 2. Let i = -223 - -224. Calculate the remainder when 19 is divided by g(i).
1
Let d = 15366 - 15174. What is the remainder when 1933 is divided by d?
13
What is the remainder when (22 + -13 - -8434) + -3 is divided by 15?
10
Let v = 1275 + -1169. Calculate the remainder when 185 is divided by v.
79
Suppose 0*r + 27 = 3*r. Suppose 11 = -r*w + 182. Suppose -4 - 4 = -q. Calculate the remainder when w is divided by q.
3
Suppose 3*g - 5*y = -g + 132, -y = -5*g + 165. Let w = -1113 - -1249. Suppose g*i - 29*i = w. Calculate the remainder when i is divided by 9.
7
Suppose -28 = -4*w - 4*i, 8*w - 13 = 4*w - i. Suppose 2*p = -w*v + 486, -40*v + 243 = -39*v - 3*p. What is the remainder when v is divided by 60?
3
Suppose 264*v + 39*v = 429362 + 53923. Calculate the remainder when v is divided by 133.
132
Let v(i) = -1304*i - 1288. What is the remainder when 38 is divided by v(-1)?
6
Suppose -44 = -2*a + 66. Let k(o) = -3*o - 112. Let p be k(-38). Suppose -74 = -4*q + 2*x, -p*x + 2 = -0*x. What is the remainder when a is divided by q?
17
Let t = 305 + -155. Suppose t*r - 152*r = -38. Calculate the remainder when 75 is divided by r.
18
Suppose 27*h + 2886 = 105*h. Calculate the remainder when 223 is divided by h.
1
Let h = 29 - 22. Suppose 0 = g - 2*k - 87, 0 = 4*g - h*g - 3*k + 261. Calculate the remainder when g is divided by 45.
42
Let d = -3 - -5. Suppose -41 = -14*n + 1. What is the remainder when (-1)/d - 972/(-24) is divided by n?
1
Suppose 3*u + 2*l + 28 = 4*u, 0 = 2*u + 3*l - 28. Suppose 0 = -0*h - h + 3. Suppose -h*g + 490 = 2*g. What is the remainder when g is divided by u?
18
Let c be (-77)/(-28)*268 - 5*-1. Let o = c - 723. Calculate the remainder when 75 is divided by o.
18
Suppose 2*m - 336 = -5*g, 4*g - 17*m - 266 = -19*m. Let c = 275 - 185. Suppose 6 = 4*b - c. Calculate the remainder when g is divided by b.
22
Let n(u) = -u + 19. Let j be n(7). Let v(i) = 24*i - 235. Calculate the remainder when v(j) is divided by 6/10 + 660/25.
26
Let j = 111 + -108. Let l be -2*j/(-8) - 48/64. Suppose t = l, x + 4*x + 2*t = 45. What is the remainder when 25 is divided by x?
7
Suppose 0 = -4*q - 2*r + 78, -607*r + 612*r + 5 = 0. Suppose -10*y + 292 = -6*y. Calculate the remainder when y is divided by q.
13
Let i = -47 + 98. Calculate the remainder when 14 + -2*(-966)/14 is divided by i.
50
Let s = 15704 + -12967. What is the remainder when s is divided by 1368?
1
Suppose 1324 = -7*r - 937. Let v = r + 426. Calculate the remainder when v is divided by 10.
3
Calculate the remainder when 3 - 5240/(-25) - (-6)/105*7 is divided by 42.
3
What is the remainder when 865 is divided b